{"id":325,"date":"2022-04-08T16:05:53","date_gmt":"2022-04-08T16:05:53","guid":{"rendered":"https:\/\/dev.wisdomignite.pt\/wisdomtranslations\/?page_id=325"},"modified":"2022-04-21T14:58:15","modified_gmt":"2022-04-21T14:58:15","slug":"orcamento","status":"publish","type":"page","link":"https:\/\/dev.wisdomignite.pt\/wisdomtranslations\/orcamento\/","title":{"rendered":"Or\u00e7amento"},"content":{"rendered":"\n\n  <div class=\"banner has-hover\" id=\"banner-118864728\">\n          <div class=\"banner-inner fill\">\n        <div class=\"banner-bg fill\" >\n            <div class=\"bg fill bg-fill \"><\/div>\n                                    \n                    <\/div>\n\t\t\n        <div class=\"banner-layers container\">\n            <div class=\"fill banner-link\"><\/div>            \n\n   <div id=\"text-box-250747897\" class=\"text-box banner-layer x50 md-x50 lg-x50 y50 md-y50 lg-y50 res-text\">\n                                <div class=\"text-box-content text dark\">\n              \n              <div class=\"text-inner text-center\">\n                  \n\n<h3><strong>Or\u00e7amento<\/strong><\/h3>\n<p><a href=\"https:\/\/dev.wisdomignite.pt\/wisdomtranslations\">Home<\/a> \/ Or\u00e7amento<\/p>\n\n              <\/div>\n           <\/div>\n                            \n<style>\n#text-box-250747897 {\n  width: 60%;\n}\n#text-box-250747897 .text-box-content {\n  font-size: 100%;\n}\n<\/style>\n    <\/div>\n \n\n        <\/div>\n      <\/div>\n\n            \n<style>\n#banner-118864728 {\n  padding-top: 250px;\n}\n#banner-118864728 .bg.bg-loaded {\n  background-image: url(https:\/\/dev.wisdomignite.pt\/wisdomtranslations\/wp-content\/uploads\/2022\/04\/bg-header-1-1400x354.jpg);\n}\n#banner-118864728 .ux-shape-divider--top svg {\n  height: 150px;\n  --divider-top-width: 100%;\n}\n#banner-118864728 .ux-shape-divider--bottom svg {\n  height: 150px;\n  --divider-width: 100%;\n}\n<\/style>\n  <\/div>\n\n\n<div class=\"row align-center\"  id=\"row-1735255857\">\n\n\n\t<div id=\"col-32718746\" class=\"col small-12 large-12\"  >\n\t\t\t\t<div class=\"col-inner\"  >\n\t\t\t\n\t\t\t\n\n\t<div id=\"text-1305054496\" class=\"text\">\n\t\t\n\n<h2 style=\"color:black;margin-top: 25px;margin-bottom:12.5px;\">Formul\u00e1rio de Or\u00e7amento<\/h2>\n<p>A equipa de tradutores profissionais da wisdom TRANSLATIONS est\u00e1 ao seu dispor. Basta preencher o formul\u00e1rio em baixo e n\u00f3s depois tratamos de lhe enviar o nosso or\u00e7amento gratuito para tratarmos do seu servi\u00e7o de tradu\u00e7\u00e3o o mais rapidamente poss\u00edvel.<\/p>\n\t\t\n<style>\n#text-1305054496 {\n  font-size: 1.2rem;\n}\n<\/style>\n\t<\/div>\n\t\n\n<div class=\"wpcf7 no-js\" id=\"wpcf7-f1587-o1\" lang=\"pt-PT\" dir=\"ltr\" data-wpcf7-id=\"1587\">\n<div class=\"screen-reader-response\"><p role=\"status\" aria-live=\"polite\" aria-atomic=\"true\"><\/p> <ul><\/ul><\/div>\n<form action=\"\/wisdomtranslations\/wp-json\/wp\/v2\/pages\/325#wpcf7-f1587-o1\" method=\"post\" class=\"wpcf7-form init\" aria-label=\"Formul\u00e1rio de contacto\" novalidate=\"novalidate\" data-status=\"init\">\n<fieldset class=\"hidden-fields-container\"><input type=\"hidden\" name=\"_wpcf7\" value=\"1587\" \/><input type=\"hidden\" name=\"_wpcf7_version\" value=\"6.1.5\" \/><input type=\"hidden\" name=\"_wpcf7_locale\" value=\"pt_PT\" \/><input type=\"hidden\" name=\"_wpcf7_unit_tag\" value=\"wpcf7-f1587-o1\" \/><input type=\"hidden\" name=\"_wpcf7_container_post\" value=\"0\" \/><input type=\"hidden\" name=\"_wpcf7_posted_data_hash\" value=\"\" \/>\n<\/fieldset>\n<div class=\"row\">\n\t<style>\n .remove-padding-bottom {\n padding-bottom: 0px;\n }\n\t<\/style>\n\t<div class=\"col medium-4 small-4 large-4 remove-padding-bottom\">\n\t\t<p><label id=\"nome\"><br \/>\n<span class=\"wpcf7-form-control-wrap\" data-name=\"your-name\"><input size=\"40\" maxlength=\"400\" class=\"wpcf7-form-control wpcf7-text wpcf7-validates-as-required\" aria-required=\"true\" aria-invalid=\"false\" placeholder=\"Nome*\" value=\"\" type=\"text\" name=\"your-name\" \/><\/span><br \/>\n<\/label>\n\t\t<\/p>\n\t<\/div>\n\t<div class=\"col medium-4 small-4 large-4 remove-padding-bottom\">\n\t\t<p><label id=\"email\"><br \/>\n<span class=\"wpcf7-form-control-wrap\" data-name=\"your-email\"><input size=\"40\" maxlength=\"400\" class=\"wpcf7-form-control wpcf7-email wpcf7-validates-as-required wpcf7-text wpcf7-validates-as-email\" aria-required=\"true\" aria-invalid=\"false\" placeholder=\"E-mail*\" value=\"\" type=\"email\" name=\"your-email\" \/><\/span><br \/>\n<\/label>\n\t\t<\/p>\n\t<\/div>\n\t<div class=\"col medium-4 small-4 large-4 remove-padding-bottom\">\n\t\t<p><label id=\"tele\"><br \/>\n<span class=\"wpcf7-form-control-wrap\" data-name=\"Telefone\"><input size=\"40\" maxlength=\"400\" class=\"wpcf7-form-control wpcf7-tel wpcf7-validates-as-required wpcf7-text wpcf7-validates-as-tel\" aria-required=\"true\" aria-invalid=\"false\" placeholder=\"Telem\u00f3vel*\" value=\"\" type=\"tel\" name=\"Telefone\" \/><\/span><br \/>\n<\/label>\n\t\t<\/p>\n\t<\/div>\n\t<div class=\"col medium-12 small-12 large-12 remove-padding-bottom\">\n\t\t<p><label id=\"assunto2\"><br \/>\n<span class=\"wpcf7-form-control-wrap\" data-name=\"your-message\"><input size=\"40\" maxlength=\"400\" class=\"wpcf7-form-control wpcf7-text\" aria-invalid=\"false\" placeholder=\"Assunto\" value=\"\" type=\"text\" name=\"your-message\" \/><\/span><br \/>\n<\/label>\n\t\t<\/p>\n\t<\/div>\n\t<div class=\"col medium-12 small-12 large-12 remove-padding-bottom\">\n\t\t<p><label id=\"empresa\"><br \/>\n<span class=\"wpcf7-form-control-wrap\" data-name=\"your-message\"><input size=\"40\" maxlength=\"400\" class=\"wpcf7-form-control wpcf7-text\" aria-invalid=\"false\" placeholder=\"Empresa\" value=\"\" type=\"text\" name=\"your-message\" \/><\/span><br \/>\n<\/label>\n\t\t<\/p>\n\t<\/div>\n\t<div class=\"col medium-12 small-12 large-12 remove-padding-bottom\">\n\t\t<lable> Fa\u00e7a upload do ficheiro para ser traduzido\n\t\t\t<p><span class=\"wpcf7-form-control-wrap\" data-name=\"my-uploader-name\"><input size=\"40\" class=\"wpcf7-form-control wpcf7-drag-n-drop-file d-none\" aria-required=\"true\" aria-invalid=\"false\" type=\"file\" multiple=\"multiple\" data-name=\"my-uploader-name\" data-type=\"jpeg|png|jpg|gif|pdf|doc|zip\" data-limit=\"10485760\" data-min=\"2\" data-max=\"5\" data-id=\"1587\" data-version=\"free version 1.3.9.7\" accept=\".jpeg, .png, .jpg, .gif, .pdf, .doc, .zip\" \/><\/span>\n\t\t\t<\/p>\n\t\t<\/lable>\n\t<\/div>\n\t<div class=\"col medium-6 small-6 large-6 remove-padding-bottom\">\n\t\t<p><label><br \/>\nTraduzir de <span class=\"wpcf7-form-control-wrap\" data-name=\"Idioma\"><select class=\"wpcf7-form-control wpcf7-select\" id=\"Idiomas\" aria-invalid=\"false\" name=\"Idioma\"><option value=\"\">&#8212;Por favor escolha uma op\u00e7\u00e3o&#8212;<\/option><option value=\"Alem\u00e3o\">Alem\u00e3o<\/option><option value=\"B\u00falgaro\">B\u00falgaro<\/option><option value=\"Castelhano\">Castelhano<\/option><option value=\"Checo\">Checo<\/option><option value=\"Croata\">Croata<\/option><option value=\"Dinamarqu\u00eas\">Dinamarqu\u00eas<\/option><option value=\"Eslovaco\">Eslovaco<\/option><option value=\"Esloveno\">Esloveno<\/option><option value=\"Estoniano\">Estoniano<\/option><option value=\"Finland\u00eas\">Finland\u00eas<\/option><option value=\"Franc\u00eas\">Franc\u00eas<\/option><option value=\"Grego\">Grego<\/option><option value=\"H\u00fangaro\">H\u00fangaro<\/option><option value=\"Ingl\u00eas\">Ingl\u00eas<\/option><option value=\"Irland\u00eas\">Irland\u00eas<\/option><option value=\"Italiano\">Italiano<\/option><option value=\"Let\u00e3o\">Let\u00e3o<\/option><option value=\"Lituano\">Lituano<\/option><option value=\"Malt\u00eas\">Malt\u00eas<\/option><option value=\"Neerland\u00eas\">Neerland\u00eas<\/option><option value=\"Polaco\">Polaco<\/option><option value=\"Portugu\u00eas\">Portugu\u00eas<\/option><option value=\"Romeno\">Romeno<\/option><option value=\"Sueco\">Sueco<\/option><\/select><\/span><br \/>\n<\/label>\n\t\t<\/p>\n\t<\/div>\n\t<div class=\"col medium-6 small-6 large-6 remove-padding-bottom\">\n\t\t<p><label><br \/>\nPara <span class=\"wpcf7-form-control-wrap\" data-name=\"Idioma\"><select class=\"wpcf7-form-control wpcf7-select\" aria-invalid=\"false\" name=\"Idioma\"><option value=\"\">&#8212;Por favor escolha uma op\u00e7\u00e3o&#8212;<\/option><option value=\"Alem\u00e3o\">Alem\u00e3o<\/option><option value=\"B\u00falgaro\">B\u00falgaro<\/option><option value=\"Castelhano\">Castelhano<\/option><option value=\"Checo\">Checo<\/option><option value=\"Croata\">Croata<\/option><option value=\"Dinamarqu\u00eas\">Dinamarqu\u00eas<\/option><option value=\"Eslovaco\">Eslovaco<\/option><option value=\"Esloveno\">Esloveno<\/option><option value=\"Estoniano\">Estoniano<\/option><option value=\"Finland\u00eas\">Finland\u00eas<\/option><option value=\"Franc\u00eas\">Franc\u00eas<\/option><option value=\"Grego\">Grego<\/option><option value=\"H\u00fangaro\">H\u00fangaro<\/option><option value=\"Ingl\u00eas\">Ingl\u00eas<\/option><option value=\"Irland\u00eas\">Irland\u00eas<\/option><option value=\"Italiano\">Italiano<\/option><option value=\"Let\u00e3o\">Let\u00e3o<\/option><option value=\"Lituano\">Lituano<\/option><option value=\"Malt\u00eas\">Malt\u00eas<\/option><option value=\"Neerland\u00eas\">Neerland\u00eas<\/option><option value=\"Polaco\">Polaco<\/option><option value=\"Portugu\u00eas\">Portugu\u00eas<\/option><option value=\"Romeno\">Romeno<\/option><option value=\"Sueco\">Sueco<\/option><\/select><\/span><br \/>\n<\/label>\n\t\t<\/p>\n\t<\/div>\n\t<div class=\"col medium-12 small-12 large-12 remove-padding-bottom\">\n\t\t<p><label id=\"mensagem\"><br \/>\n<span class=\"wpcf7-form-control-wrap\" data-name=\"your-message\"><textarea cols=\"40\" rows=\"10\" maxlength=\"2000\" class=\"wpcf7-form-control wpcf7-textarea\" aria-invalid=\"false\" placeholder=\"Mensagem\" name=\"your-message\"><\/textarea><\/span><br \/>\n<\/label>\n\t\t<\/p>\n\t<\/div>\n\t<div class=\"wpcf7-form-control wpcf7-submit \">\n\t\t<p><input class=\"wpcf7-form-control wpcf7-submit has-spinner\" id=\"enviar\" type=\"submit\" value=\"Enviar\" \/>\n\t\t<\/p>\n\t<\/div>\n<\/div><div class=\"wpcf7-response-output\" aria-hidden=\"true\"><\/div>\n<\/form>\n<\/div>\n\n\n\n\t\t<\/div>\n\t\t\t\t\t<\/div>\n\n\t\n\n<\/div>\n\n","protected":false},"excerpt":{"rendered":"","protected":false},"author":1,"featured_media":0,"parent":0,"menu_order":0,"comment_status":"closed","ping_status":"closed","template":"","meta":{"inline_featured_image":false,"footnotes":""},"class_list":["post-325","page","type-page","status-publish","hentry"],"_links":{"self":[{"href":"https:\/\/dev.wisdomignite.pt\/wisdomtranslations\/wp-json\/wp\/v2\/pages\/325","targetHints":{"allow":["GET"]}}],"collection":[{"href":"https:\/\/dev.wisdomignite.pt\/wisdomtranslations\/wp-json\/wp\/v2\/pages"}],"about":[{"href":"https:\/\/dev.wisdomignite.pt\/wisdomtranslations\/wp-json\/wp\/v2\/types\/page"}],"author":[{"embeddable":true,"href":"https:\/\/dev.wisdomignite.pt\/wisdomtranslations\/wp-json\/wp\/v2\/users\/1"}],"replies":[{"embeddable":true,"href":"https:\/\/dev.wisdomignite.pt\/wisdomtranslations\/wp-json\/wp\/v2\/comments?post=325"}],"version-history":[{"count":16,"href":"https:\/\/dev.wisdomignite.pt\/wisdomtranslations\/wp-json\/wp\/v2\/pages\/325\/revisions"}],"predecessor-version":[{"id":1590,"href":"https:\/\/dev.wisdomignite.pt\/wisdomtranslations\/wp-json\/wp\/v2\/pages\/325\/revisions\/1590"}],"wp:attachment":[{"href":"https:\/\/dev.wisdomignite.pt\/wisdomtranslations\/wp-json\/wp\/v2\/media?parent=325"}],"curies":[{"name":"wp","href":"https:\/\/api.w.org\/{rel}","templated":true}]}}