{"id":714,"date":"2021-12-22T11:52:57","date_gmt":"2021-12-22T10:52:57","guid":{"rendered":"https:\/\/dev.wisdomignite.pt\/testesofia\/produto\/saco-plastico-transparante\/"},"modified":"2021-12-22T11:52:57","modified_gmt":"2021-12-22T10:52:57","slug":"saco-plastico-transparante","status":"publish","type":"product","link":"https:\/\/dev.wisdomignite.pt\/testesofia\/produto\/saco-plastico-transparante\/","title":{"rendered":"Saco Pl\u00e1stico Transparante"},"content":{"rendered":"<p>Saco Pl\u00e1tico, Um jeito pr\u00e1tico e r\u00e1pido de deixar seu produto bem embalado, conservado e protegido.<\/p>\n","protected":false},"excerpt":{"rendered":"<p>Saco Transparente, O Saco Transparente \u00e9 essencial para embalar lembrancinhas, docinhos, mercadorias e muito mais.<\/p>\n","protected":false},"featured_media":661,"comment_status":"closed","ping_status":"open","template":"","meta":[],"product_cat":[140,165],"product_tag":[119],"class_list":["post-714","product","type-product","status-publish","has-post-thumbnail","hentry","product_cat-consumiveis","product_cat-sacos","product_tag-saco-platico"],"_links":{"self":[{"href":"https:\/\/dev.wisdomignite.pt\/testesofia\/wp-json\/wp\/v2\/product\/714","targetHints":{"allow":["GET"]}}],"collection":[{"href":"https:\/\/dev.wisdomignite.pt\/testesofia\/wp-json\/wp\/v2\/product"}],"about":[{"href":"https:\/\/dev.wisdomignite.pt\/testesofia\/wp-json\/wp\/v2\/types\/product"}],"replies":[{"embeddable":true,"href":"https:\/\/dev.wisdomignite.pt\/testesofia\/wp-json\/wp\/v2\/comments?post=714"}],"wp:featuredmedia":[{"embeddable":true,"href":"https:\/\/dev.wisdomignite.pt\/testesofia\/wp-json\/wp\/v2\/media\/661"}],"wp:attachment":[{"href":"https:\/\/dev.wisdomignite.pt\/testesofia\/wp-json\/wp\/v2\/media?parent=714"}],"wp:term":[{"taxonomy":"product_cat","embeddable":true,"href":"https:\/\/dev.wisdomignite.pt\/testesofia\/wp-json\/wp\/v2\/product_cat?post=714"},{"taxonomy":"product_tag","embeddable":true,"href":"https:\/\/dev.wisdomignite.pt\/testesofia\/wp-json\/wp\/v2\/product_tag?post=714"}],"curies":[{"name":"wp","href":"https:\/\/api.w.org\/{rel}","templated":true}]}}