{"id":713,"date":"2021-12-22T11:52:57","date_gmt":"2021-12-22T10:52:57","guid":{"rendered":"https:\/\/dev.wisdomignite.pt\/testesofia\/produto\/avental-de-plastico-100un\/"},"modified":"2021-12-22T11:52:57","modified_gmt":"2021-12-22T10:52:57","slug":"avental-de-plastico-100un","status":"publish","type":"product","link":"https:\/\/dev.wisdomignite.pt\/testesofia\/produto\/avental-de-plastico-100un\/","title":{"rendered":"Avental de Pl\u00e1stico &#8211; 100un"},"content":{"rendered":"<p>Avental de Pl\u00e1tico, para maior prote\u00e7\u00e3o do profissional \u00e9 considerando da parte posterior da pe\u00e7a do decote at\u00e9 a barra inferior,  o avental deve garantir que nenhuma parte dos membros superiores fique descoberta por movimentos esperados do usu\u00e1rio.<\/p>\n","protected":false},"excerpt":{"rendered":"<p>Avental de Pl\u00e1stico, O avental \u00e9 de uso \u00fanico, individual, descart\u00e1vel, n\u00e3o podendo ser reutilizado<\/p>\n","protected":false},"featured_media":659,"comment_status":"closed","ping_status":"open","template":"","meta":[],"product_cat":[164,140],"product_tag":[117],"class_list":["post-713","product","type-product","status-publish","has-post-thumbnail","hentry","product_cat-aventais","product_cat-consumiveis","product_tag-avental-de-platico"],"_links":{"self":[{"href":"https:\/\/dev.wisdomignite.pt\/testesofia\/wp-json\/wp\/v2\/product\/713","targetHints":{"allow":["GET"]}}],"collection":[{"href":"https:\/\/dev.wisdomignite.pt\/testesofia\/wp-json\/wp\/v2\/product"}],"about":[{"href":"https:\/\/dev.wisdomignite.pt\/testesofia\/wp-json\/wp\/v2\/types\/product"}],"replies":[{"embeddable":true,"href":"https:\/\/dev.wisdomignite.pt\/testesofia\/wp-json\/wp\/v2\/comments?post=713"}],"wp:featuredmedia":[{"embeddable":true,"href":"https:\/\/dev.wisdomignite.pt\/testesofia\/wp-json\/wp\/v2\/media\/659"}],"wp:attachment":[{"href":"https:\/\/dev.wisdomignite.pt\/testesofia\/wp-json\/wp\/v2\/media?parent=713"}],"wp:term":[{"taxonomy":"product_cat","embeddable":true,"href":"https:\/\/dev.wisdomignite.pt\/testesofia\/wp-json\/wp\/v2\/product_cat?post=713"},{"taxonomy":"product_tag","embeddable":true,"href":"https:\/\/dev.wisdomignite.pt\/testesofia\/wp-json\/wp\/v2\/product_tag?post=713"}],"curies":[{"name":"wp","href":"https:\/\/api.w.org\/{rel}","templated":true}]}}