{"id":700,"date":"2021-12-22T11:52:56","date_gmt":"2021-12-22T10:52:56","guid":{"rendered":"https:\/\/dev.wisdomignite.pt\/testesofia\/produto\/inseticida-mortein-cintrus-300ml\/"},"modified":"2021-12-22T11:52:57","modified_gmt":"2021-12-22T10:52:57","slug":"inseticida-mortein-cintrus-300ml","status":"publish","type":"product","link":"https:\/\/dev.wisdomignite.pt\/testesofia\/produto\/inseticida-mortein-cintrus-300ml\/","title":{"rendered":"Inseticida Mortein Cintrus &#8211; 300ml"},"content":{"rendered":"<p>Insetecida, N\u00e3o pulverizar sobre ou perto de g\u00e9nero aliment\u00edcios, utec\u00edlio da cozinha, animais ou plantas.<\/p>\n","protected":false},"excerpt":{"rendered":"<p>Insetecida, mata barata r\u00e1pido em pulveriza\u00e7\u00e3o directa.<\/p>\n","protected":false},"featured_media":633,"comment_status":"closed","ping_status":"open","template":"","meta":[],"product_cat":[140,142,141],"product_tag":[96],"class_list":["post-700","product","type-product","status-publish","has-post-thumbnail","hentry","product_cat-consumiveis","product_cat-inseticidas","product_cat-liquidos","product_tag-mortein-cintrus"],"_links":{"self":[{"href":"https:\/\/dev.wisdomignite.pt\/testesofia\/wp-json\/wp\/v2\/product\/700","targetHints":{"allow":["GET"]}}],"collection":[{"href":"https:\/\/dev.wisdomignite.pt\/testesofia\/wp-json\/wp\/v2\/product"}],"about":[{"href":"https:\/\/dev.wisdomignite.pt\/testesofia\/wp-json\/wp\/v2\/types\/product"}],"replies":[{"embeddable":true,"href":"https:\/\/dev.wisdomignite.pt\/testesofia\/wp-json\/wp\/v2\/comments?post=700"}],"wp:featuredmedia":[{"embeddable":true,"href":"https:\/\/dev.wisdomignite.pt\/testesofia\/wp-json\/wp\/v2\/media\/633"}],"wp:attachment":[{"href":"https:\/\/dev.wisdomignite.pt\/testesofia\/wp-json\/wp\/v2\/media?parent=700"}],"wp:term":[{"taxonomy":"product_cat","embeddable":true,"href":"https:\/\/dev.wisdomignite.pt\/testesofia\/wp-json\/wp\/v2\/product_cat?post=700"},{"taxonomy":"product_tag","embeddable":true,"href":"https:\/\/dev.wisdomignite.pt\/testesofia\/wp-json\/wp\/v2\/product_tag?post=700"}],"curies":[{"name":"wp","href":"https:\/\/api.w.org\/{rel}","templated":true}]}}