{"id":692,"date":"2021-12-22T11:52:56","date_gmt":"2021-12-22T10:52:56","guid":{"rendered":"https:\/\/dev.wisdomignite.pt\/testesofia\/produto\/tira-gorduras-lider-500ml\/"},"modified":"2021-12-22T11:52:56","modified_gmt":"2021-12-22T10:52:56","slug":"tira-gorduras-lider-500ml","status":"publish","type":"product","link":"https:\/\/dev.wisdomignite.pt\/testesofia\/produto\/tira-gorduras-lider-500ml\/","title":{"rendered":"Tira Gorduras L\u00edder &#8211; 500ml"},"content":{"rendered":"<p>Tira Gorduras,  \u00e9 indicado para limpeza de pe\u00e7as e utens\u00edlios ,mais gordurosos de uma forma r\u00e1pida e eficaz. Adequado para a limpeza do fog\u00e3o, forno,panela, exaustores, grelhas e  azulejos.<\/p>\n","protected":false},"excerpt":{"rendered":"<p>Tira Gporduras , Limpa e desengorda em profundidade<\/p>\n","protected":false},"featured_media":618,"comment_status":"closed","ping_status":"open","template":"","meta":[],"product_cat":[140,141,148],"product_tag":[83],"class_list":["post-692","product","type-product","status-publish","has-post-thumbnail","hentry","product_cat-consumiveis","product_cat-liquidos","product_cat-tira-gorduras","product_tag-tira-gorduras"],"_links":{"self":[{"href":"https:\/\/dev.wisdomignite.pt\/testesofia\/wp-json\/wp\/v2\/product\/692","targetHints":{"allow":["GET"]}}],"collection":[{"href":"https:\/\/dev.wisdomignite.pt\/testesofia\/wp-json\/wp\/v2\/product"}],"about":[{"href":"https:\/\/dev.wisdomignite.pt\/testesofia\/wp-json\/wp\/v2\/types\/product"}],"replies":[{"embeddable":true,"href":"https:\/\/dev.wisdomignite.pt\/testesofia\/wp-json\/wp\/v2\/comments?post=692"}],"wp:featuredmedia":[{"embeddable":true,"href":"https:\/\/dev.wisdomignite.pt\/testesofia\/wp-json\/wp\/v2\/media\/618"}],"wp:attachment":[{"href":"https:\/\/dev.wisdomignite.pt\/testesofia\/wp-json\/wp\/v2\/media?parent=692"}],"wp:term":[{"taxonomy":"product_cat","embeddable":true,"href":"https:\/\/dev.wisdomignite.pt\/testesofia\/wp-json\/wp\/v2\/product_cat?post=692"},{"taxonomy":"product_tag","embeddable":true,"href":"https:\/\/dev.wisdomignite.pt\/testesofia\/wp-json\/wp\/v2\/product_tag?post=692"}],"curies":[{"name":"wp","href":"https:\/\/api.w.org\/{rel}","templated":true}]}}