{"id":39400,"date":"2023-07-01T11:36:03","date_gmt":"2023-07-01T10:36:03","guid":{"rendered":"https:\/\/dev.wisdomignite.pt\/marpel\/produto\/colchao-terra\/"},"modified":"2023-07-01T11:36:12","modified_gmt":"2023-07-01T10:36:12","slug":"colchao-terra","status":"publish","type":"product","link":"https:\/\/dev.wisdomignite.pt\/marpel\/produto\/colchao-terra\/","title":{"rendered":"Colch\u00e3o Terra"},"content":{"rendered":"<p>Altura: 27cm<\/p>\n<p>Este colch\u00e3o \u00e9 composto por:<br \/>\n1. Tecido Stretch de Viscose<br \/>\n2. Gel T\u00e9rmico 45kg 3cm<br \/>\n3. Fibra de Algod\u00e3o<br \/>\n4. Visco T\u00e9rmico 80kg 1,5cm<br \/>\n5. Visco T\u00e9rmico 50kg 2cm<br \/>\n6. HR 40kg Soft Soyapur 4cm<br \/>\n7. Micromolas<br \/>\n8. HR 28kg 13,5cm<br \/>\n9. Fibra Oca Soft<br \/>\n10. Tecido 3D<br \/>\n11. Refor\u00e7os laterais 40kg<\/p>\n<p>\u00c9 um colch\u00e3o de sono independente, ergon\u00f3mico, com micromolas, 5 zonas de descanso, gel t\u00e9rmico e respir\u00e1vel. Um colch\u00e3o interm\u00e9dio e relativamente fresco.<\/p>\n","protected":false},"excerpt":{"rendered":"<p>O Colch\u00e3o Terra \u00e9 o balan\u00e7o perfeito entre est\u00e9tica e os materiais de ultima gera\u00e7\u00e3o. Sensa\u00e7\u00f5es \u00fanicas gra\u00e7as a um sistem de micro mola ensacada, Gel t\u00e9rmico e Visco. O modelo Terra utiliza fibras de algod\u00e3o e refor\u00e7os laterais.<\/p>\n","protected":false},"featured_media":39713,"comment_status":"closed","ping_status":"open","template":"","meta":[],"product_cat":[318,327],"product_tag":[296,298,302],"class_list":["post-39400","product","type-product","status-publish","has-post-thumbnail","hentry","product_cat-colchao","product_cat-micro-mola","product_tag-algodao","product_tag-gel-termico","product_tag-visco-termico","product_shipping_class-volumosos","pa_firmeza-intermedia-soft","pa_medidas-190x135","pa_medidas-190x140","pa_medidas-190x150","pa_medidas-190x90","pa_medidas-200x120","pa_medidas-200x140","pa_medidas-200x150","pa_medidas-200x160","pa_medidas-200x180","pa_medidas-200x200","pa_medidas-200x80","pa_medidas-200x90","pa_medidas-180x105","pa_medidas-180x120","pa_medidas-180x135","pa_medidas-180x140","pa_medidas-180x150","pa_medidas-180x160","pa_medidas-180x180","pa_medidas-180x80","pa_medidas-180x90","pa_medidas-190x105","pa_medidas-190x120","pa_medidas-190x160","pa_medidas-190x180","pa_medidas-190x200","pa_medidas-190x80","pa_medidas-200x105","pa_medidas-200x135"],"_links":{"self":[{"href":"https:\/\/dev.wisdomignite.pt\/marpel\/wp-json\/wp\/v2\/product\/39400","targetHints":{"allow":["GET"]}}],"collection":[{"href":"https:\/\/dev.wisdomignite.pt\/marpel\/wp-json\/wp\/v2\/product"}],"about":[{"href":"https:\/\/dev.wisdomignite.pt\/marpel\/wp-json\/wp\/v2\/types\/product"}],"replies":[{"embeddable":true,"href":"https:\/\/dev.wisdomignite.pt\/marpel\/wp-json\/wp\/v2\/comments?post=39400"}],"version-history":[{"count":1,"href":"https:\/\/dev.wisdomignite.pt\/marpel\/wp-json\/wp\/v2\/product\/39400\/revisions"}],"predecessor-version":[{"id":39401,"href":"https:\/\/dev.wisdomignite.pt\/marpel\/wp-json\/wp\/v2\/product\/39400\/revisions\/39401"}],"wp:featuredmedia":[{"embeddable":true,"href":"https:\/\/dev.wisdomignite.pt\/marpel\/wp-json\/wp\/v2\/media\/39713"}],"wp:attachment":[{"href":"https:\/\/dev.wisdomignite.pt\/marpel\/wp-json\/wp\/v2\/media?parent=39400"}],"wp:term":[{"taxonomy":"product_cat","embeddable":true,"href":"https:\/\/dev.wisdomignite.pt\/marpel\/wp-json\/wp\/v2\/product_cat?post=39400"},{"taxonomy":"product_tag","embeddable":true,"href":"https:\/\/dev.wisdomignite.pt\/marpel\/wp-json\/wp\/v2\/product_tag?post=39400"}],"curies":[{"name":"wp","href":"https:\/\/api.w.org\/{rel}","templated":true}]}}