{"id":39369,"date":"2023-07-01T11:35:59","date_gmt":"2023-07-01T10:35:59","guid":{"rendered":"https:\/\/dev.wisdomignite.pt\/marpel\/produto\/colchao-merino\/"},"modified":"2023-07-01T11:36:05","modified_gmt":"2023-07-01T10:36:05","slug":"colchao-merino","status":"publish","type":"product","link":"https:\/\/dev.wisdomignite.pt\/marpel\/produto\/colchao-merino\/","title":{"rendered":"Colch\u00e3o Merino"},"content":{"rendered":"<p>Altura: 29cm<\/p>\n<p>Este colch\u00e3o \u00e9 composto por:<br \/>\n1. Tecido Strech L\u00e3 Merino<br \/>\n2. Visco 50kg 1,5cm<br \/>\n3.Fibra Oca Soft<br \/>\n4.Visco Mem\u00f3ria  &#8211; Soja 50kg 5,5cm<br \/>\n5. HR28kg 19,5cm<br \/>\n6. Fibra Oca Soft<br \/>\n7. Tecido 3D<br \/>\n8. Refor\u00e7os Laterais<\/p>\n<p>\u00c9 um colch\u00e3o de sono independente, ergon\u00f3mico e respir\u00e1vel. De firmeza interm\u00e9dia e relativamente fresco.<\/p>\n","protected":false},"excerpt":{"rendered":"<p>O Merino \u00e9 um colch\u00e3o apelativo ao olho e ao toque. Feito de materiais de alta qualidade e n\u00facleo denso, 7 zonas de conforto e camada de Visco Bio-Soja. Feito de L\u00e3 Merino Natural, com a capacidade de controlar a temperatura e humidad, tal  como uma apar\u00eancia  distintva e cl\u00e1ssica.<\/p>\n","protected":false},"featured_media":39710,"comment_status":"closed","ping_status":"open","template":"","meta":[],"product_cat":[318,319],"product_tag":[300,297,289],"class_list":["post-39369","product","type-product","status-publish","has-post-thumbnail","hentry","product_cat-colchao","product_cat-nucleo","product_tag-biovisco-soja","product_tag-la","product_tag-visco","product_shipping_class-volumosos","pa_firmeza-intermedia","pa_medidas-190x135","pa_medidas-190x140","pa_medidas-190x150","pa_medidas-190x90","pa_medidas-200x120","pa_medidas-200x140","pa_medidas-200x150","pa_medidas-200x160","pa_medidas-200x180","pa_medidas-200x200","pa_medidas-200x80","pa_medidas-200x90","pa_medidas-180x105","pa_medidas-180x120","pa_medidas-180x135","pa_medidas-180x140","pa_medidas-180x150","pa_medidas-180x160","pa_medidas-180x180","pa_medidas-180x80","pa_medidas-180x90","pa_medidas-190x105","pa_medidas-190x120","pa_medidas-190x160","pa_medidas-190x180","pa_medidas-190x200","pa_medidas-190x80","pa_medidas-200x105","pa_medidas-200x135"],"_links":{"self":[{"href":"https:\/\/dev.wisdomignite.pt\/marpel\/wp-json\/wp\/v2\/product\/39369","targetHints":{"allow":["GET"]}}],"collection":[{"href":"https:\/\/dev.wisdomignite.pt\/marpel\/wp-json\/wp\/v2\/product"}],"about":[{"href":"https:\/\/dev.wisdomignite.pt\/marpel\/wp-json\/wp\/v2\/types\/product"}],"replies":[{"embeddable":true,"href":"https:\/\/dev.wisdomignite.pt\/marpel\/wp-json\/wp\/v2\/comments?post=39369"}],"version-history":[{"count":1,"href":"https:\/\/dev.wisdomignite.pt\/marpel\/wp-json\/wp\/v2\/product\/39369\/revisions"}],"predecessor-version":[{"id":39370,"href":"https:\/\/dev.wisdomignite.pt\/marpel\/wp-json\/wp\/v2\/product\/39369\/revisions\/39370"}],"wp:featuredmedia":[{"embeddable":true,"href":"https:\/\/dev.wisdomignite.pt\/marpel\/wp-json\/wp\/v2\/media\/39710"}],"wp:attachment":[{"href":"https:\/\/dev.wisdomignite.pt\/marpel\/wp-json\/wp\/v2\/media?parent=39369"}],"wp:term":[{"taxonomy":"product_cat","embeddable":true,"href":"https:\/\/dev.wisdomignite.pt\/marpel\/wp-json\/wp\/v2\/product_cat?post=39369"},{"taxonomy":"product_tag","embeddable":true,"href":"https:\/\/dev.wisdomignite.pt\/marpel\/wp-json\/wp\/v2\/product_tag?post=39369"}],"curies":[{"name":"wp","href":"https:\/\/api.w.org\/{rel}","templated":true}]}}