{"id":39229,"date":"2023-07-01T11:35:35","date_gmt":"2023-07-01T10:35:35","guid":{"rendered":"https:\/\/dev.wisdomignite.pt\/marpel\/produto\/colchao-baby\/"},"modified":"2023-07-01T11:35:37","modified_gmt":"2023-07-01T10:35:37","slug":"colchao-baby","status":"publish","type":"product","link":"https:\/\/dev.wisdomignite.pt\/marpel\/produto\/colchao-baby\/","title":{"rendered":"Colch\u00e3o Baby"},"content":{"rendered":"<p>Altura &#8211; Aprox. 12 cm<br \/>\nTecido &#8211; Stretch Health Guard<br \/>\nPropriedades &#8211; Molas Bonel, Antial\u00e9rgico, Anti\u00e1caros<br \/>\nDesign &#8211; Bordado ondas. Tecido cor azul e rosa<\/p>\n<p>Caracter\u00edsticas t\u00e9cnicas<br \/>\nTecido stretch Health Guard.<br \/>\n2 espumas de 10mm densidade 20kg\/m3.<br \/>\nFeltro de termofus\u00e3o de 1200gr\/m2.<br \/>\nCarca\u00e7a mola bonel em arame 2,30mm.<\/p>\n","protected":false},"excerpt":{"rendered":"<p>Um colch\u00e3o onde damos especial import\u00e2ncia aos tratamentos anti\u00e1caros, hipoalerg\u00e9nico e anti-fungos importantes para o descanso perfeito do beb\u00e9.<\/p>\n","protected":false},"featured_media":39668,"comment_status":"closed","ping_status":"open","template":"","meta":[],"product_cat":[324,318],"product_tag":[],"class_list":["post-39229","product","type-product","status-publish","has-post-thumbnail","hentry","product_cat-bebe","product_cat-colchao","product_shipping_class-volumosos","pa_firmeza-firme","pa_medidas-118x58","pa_medidas-120x60"],"_links":{"self":[{"href":"https:\/\/dev.wisdomignite.pt\/marpel\/wp-json\/wp\/v2\/product\/39229","targetHints":{"allow":["GET"]}}],"collection":[{"href":"https:\/\/dev.wisdomignite.pt\/marpel\/wp-json\/wp\/v2\/product"}],"about":[{"href":"https:\/\/dev.wisdomignite.pt\/marpel\/wp-json\/wp\/v2\/types\/product"}],"replies":[{"embeddable":true,"href":"https:\/\/dev.wisdomignite.pt\/marpel\/wp-json\/wp\/v2\/comments?post=39229"}],"version-history":[{"count":2,"href":"https:\/\/dev.wisdomignite.pt\/marpel\/wp-json\/wp\/v2\/product\/39229\/revisions"}],"predecessor-version":[{"id":39839,"href":"https:\/\/dev.wisdomignite.pt\/marpel\/wp-json\/wp\/v2\/product\/39229\/revisions\/39839"}],"wp:featuredmedia":[{"embeddable":true,"href":"https:\/\/dev.wisdomignite.pt\/marpel\/wp-json\/wp\/v2\/media\/39668"}],"wp:attachment":[{"href":"https:\/\/dev.wisdomignite.pt\/marpel\/wp-json\/wp\/v2\/media?parent=39229"}],"wp:term":[{"taxonomy":"product_cat","embeddable":true,"href":"https:\/\/dev.wisdomignite.pt\/marpel\/wp-json\/wp\/v2\/product_cat?post=39229"},{"taxonomy":"product_tag","embeddable":true,"href":"https:\/\/dev.wisdomignite.pt\/marpel\/wp-json\/wp\/v2\/product_tag?post=39229"}],"curies":[{"name":"wp","href":"https:\/\/api.w.org\/{rel}","templated":true}]}}