{"id":39206,"date":"2023-07-01T11:35:31","date_gmt":"2023-07-01T10:35:31","guid":{"rendered":"https:\/\/dev.wisdomignite.pt\/marpel\/produto\/colchao-kids\/"},"modified":"2023-07-01T11:35:37","modified_gmt":"2023-07-01T10:35:37","slug":"colchao-kids","status":"publish","type":"product","link":"https:\/\/dev.wisdomignite.pt\/marpel\/produto\/colchao-kids\/","title":{"rendered":"Colch\u00e3o Kids"},"content":{"rendered":"<p>Altura &#8211; Aprox. 22 cm<br \/>\nTecido &#8211; Stretch<br \/>\nPropriedades &#8211; Antial\u00e9rgico, Ventilado, Faixa Transpir\u00e1vel , Anti\u00e1caros<br \/>\nDesign &#8211; Bordado Puzzle<\/p>\n<p>Caracter\u00edsticas t\u00e9cnicas<br \/>\nTecido stretch (58% PES; 42% PA).<br \/>\n2 espumas de 15mm densidade 20kg\/m3.<br \/>\nFeltro de termofus\u00e3o de 1200gr\/m2.<br \/>\nCarca\u00e7a mola bonel em arame 2,30mm.<\/p>\n","protected":false},"excerpt":{"rendered":"<p>Conforto, suavidade, cor e durabilidade. Colch\u00e3o para sonhar e brincar.<\/p>\n","protected":false},"featured_media":39692,"comment_status":"closed","ping_status":"open","template":"","meta":[],"product_cat":[324,318,323],"product_tag":[],"class_list":["post-39206","product","type-product","status-publish","has-post-thumbnail","hentry","product_cat-bebe","product_cat-colchao","product_cat-mola","product_shipping_class-volumosos","pa_firmeza-firme","pa_medidas-118x58","pa_medidas-120x60","pa_medidas-183x75","pa_medidas-183x88","pa_medidas-183x98","pa_medidas-190x90","pa_medidas-195x110","pa_medidas-195x80","pa_medidas-195x90","pa_medidas-195x95","pa_medidas-195x98","pa_medidas-200x100","pa_medidas-200x110","pa_medidas-200x120","pa_medidas-200x80","pa_medidas-200x90","pa_medidas-200x95"],"_links":{"self":[{"href":"https:\/\/dev.wisdomignite.pt\/marpel\/wp-json\/wp\/v2\/product\/39206","targetHints":{"allow":["GET"]}}],"collection":[{"href":"https:\/\/dev.wisdomignite.pt\/marpel\/wp-json\/wp\/v2\/product"}],"about":[{"href":"https:\/\/dev.wisdomignite.pt\/marpel\/wp-json\/wp\/v2\/types\/product"}],"replies":[{"embeddable":true,"href":"https:\/\/dev.wisdomignite.pt\/marpel\/wp-json\/wp\/v2\/comments?post=39206"}],"version-history":[{"count":2,"href":"https:\/\/dev.wisdomignite.pt\/marpel\/wp-json\/wp\/v2\/product\/39206\/revisions"}],"predecessor-version":[{"id":39837,"href":"https:\/\/dev.wisdomignite.pt\/marpel\/wp-json\/wp\/v2\/product\/39206\/revisions\/39837"}],"wp:featuredmedia":[{"embeddable":true,"href":"https:\/\/dev.wisdomignite.pt\/marpel\/wp-json\/wp\/v2\/media\/39692"}],"wp:attachment":[{"href":"https:\/\/dev.wisdomignite.pt\/marpel\/wp-json\/wp\/v2\/media?parent=39206"}],"wp:term":[{"taxonomy":"product_cat","embeddable":true,"href":"https:\/\/dev.wisdomignite.pt\/marpel\/wp-json\/wp\/v2\/product_cat?post=39206"},{"taxonomy":"product_tag","embeddable":true,"href":"https:\/\/dev.wisdomignite.pt\/marpel\/wp-json\/wp\/v2\/product_tag?post=39206"}],"curies":[{"name":"wp","href":"https:\/\/api.w.org\/{rel}","templated":true}]}}