{"id":38917,"date":"2023-07-01T11:34:42","date_gmt":"2023-07-01T10:34:42","guid":{"rendered":"https:\/\/dev.wisdomignite.pt\/marpel\/produto\/emma-diamond\/"},"modified":"2023-07-01T11:34:47","modified_gmt":"2023-07-01T10:34:47","slug":"emma-diamond","status":"publish","type":"product","link":"https:\/\/dev.wisdomignite.pt\/marpel\/produto\/emma-diamond\/","title":{"rendered":"Emma Diamond"},"content":{"rendered":"<p>A mais recente inova\u00e7\u00e3o Emma foca uma das fases mais importantes da investiga\u00e7\u00e3o do sono: a fase do sono profundo. Para adormecer e conseguir um sono profunfo sem interrup\u00e7\u00f5es a temperatura do nosso corpo deve baixar e manter-se assim pelo decorrer a noite.<br \/>\nCom a inova\u00e7\u00e3o do Emma Diamond Degree\u00ae Hybrid , esta temperatura ideal \u00e9 atingida dadas as part\u00edculas de grafite da camada superior do colch\u00e3o que ajudam a maior dissipa\u00e7\u00e3o do calor dada a sua alta condutividade.<\/p>\n<p>Composi\u00e7\u00e3o:<br \/>\nEspuma grafite Diamond Degree\u00ae<br \/>\nEspuma Comfort<br \/>\nN\u00facleo de molas ensacadas<br \/>\nEspuma de suporte HRX<\/p>\n","protected":false},"excerpt":{"rendered":"<p>Colch\u00e3o Emma Diamond Hybrid<br \/>\nLinha Exclusiva para Lojas F\u00edsicas<\/p>\n","protected":false},"featured_media":39657,"comment_status":"closed","ping_status":"open","template":"","meta":[],"product_cat":[318,320],"product_tag":[280],"class_list":["post-38917","product","type-product","status-publish","has-post-thumbnail","hentry","product_cat-colchao","product_cat-mola-ensacada","product_tag-emma","product_shipping_class-frete-grais-1","pa_firmeza-intermedia-soft","pa_medidas-190x135","pa_medidas-190x140","pa_medidas-190x150","pa_medidas-190x90","pa_medidas-200x140","pa_medidas-200x150","pa_medidas-200x160","pa_medidas-200x180","pa_medidas-200x200","pa_medidas-200x90"],"_links":{"self":[{"href":"https:\/\/dev.wisdomignite.pt\/marpel\/wp-json\/wp\/v2\/product\/38917","targetHints":{"allow":["GET"]}}],"collection":[{"href":"https:\/\/dev.wisdomignite.pt\/marpel\/wp-json\/wp\/v2\/product"}],"about":[{"href":"https:\/\/dev.wisdomignite.pt\/marpel\/wp-json\/wp\/v2\/types\/product"}],"replies":[{"embeddable":true,"href":"https:\/\/dev.wisdomignite.pt\/marpel\/wp-json\/wp\/v2\/comments?post=38917"}],"version-history":[{"count":2,"href":"https:\/\/dev.wisdomignite.pt\/marpel\/wp-json\/wp\/v2\/product\/38917\/revisions"}],"predecessor-version":[{"id":39826,"href":"https:\/\/dev.wisdomignite.pt\/marpel\/wp-json\/wp\/v2\/product\/38917\/revisions\/39826"}],"wp:featuredmedia":[{"embeddable":true,"href":"https:\/\/dev.wisdomignite.pt\/marpel\/wp-json\/wp\/v2\/media\/39657"}],"wp:attachment":[{"href":"https:\/\/dev.wisdomignite.pt\/marpel\/wp-json\/wp\/v2\/media?parent=38917"}],"wp:term":[{"taxonomy":"product_cat","embeddable":true,"href":"https:\/\/dev.wisdomignite.pt\/marpel\/wp-json\/wp\/v2\/product_cat?post=38917"},{"taxonomy":"product_tag","embeddable":true,"href":"https:\/\/dev.wisdomignite.pt\/marpel\/wp-json\/wp\/v2\/product_tag?post=38917"}],"curies":[{"name":"wp","href":"https:\/\/api.w.org\/{rel}","templated":true}]}}