{"id":37145,"date":"2023-07-01T11:28:40","date_gmt":"2023-07-01T10:28:40","guid":{"rendered":"https:\/\/dev.wisdomignite.pt\/marpel\/produto\/sommier-elevatorio-new\/"},"modified":"2023-07-01T11:28:49","modified_gmt":"2023-07-01T10:28:49","slug":"sommier-elevatorio-new","status":"publish","type":"product","link":"https:\/\/dev.wisdomignite.pt\/marpel\/produto\/sommier-elevatorio-new\/","title":{"rendered":"Sommier Elevat\u00f3rio New"},"content":{"rendered":"<p>Altura &#8211; 33cm aprox.<br \/>\nCaracter\u00edsticas &#8211; Abertura f\u00e1cil frontal com sistema de eleva\u00e7\u00e3o com amortecedores<br \/>\nTecido &#8211; Tampo em MDF estofado em microfibras, imita\u00e7\u00f5es de pele, tecido dos colch\u00f5es e tecido transpir\u00e1vel 3D<br \/>\nDesign &#8211; Dispon\u00edvel em 4 cores de madeira: cerejeira, wengu\u00e9, preto e branco<\/p>\n","protected":false},"excerpt":{"rendered":"<p>Espa\u00e7osa caixa de arruma\u00e7\u00e3o<\/p>\n","protected":false},"featured_media":39445,"comment_status":"closed","ping_status":"open","template":"","meta":[],"product_cat":[313,331],"product_tag":[],"class_list":["post-37145","product","type-product","status-publish","has-post-thumbnail","hentry","product_cat-camas","product_cat-elevatorias","product_shipping_class-volumosos","pa_cor-branco","pa_cor-cerejeira","pa_cor-wengue","pa_medidas-190x140","pa_medidas-190x150","pa_medidas-190x90","pa_medidas-195x150","pa_medidas-195x160","pa_medidas-200x120","pa_medidas-200x150","pa_medidas-200x160"],"_links":{"self":[{"href":"https:\/\/dev.wisdomignite.pt\/marpel\/wp-json\/wp\/v2\/product\/37145","targetHints":{"allow":["GET"]}}],"collection":[{"href":"https:\/\/dev.wisdomignite.pt\/marpel\/wp-json\/wp\/v2\/product"}],"about":[{"href":"https:\/\/dev.wisdomignite.pt\/marpel\/wp-json\/wp\/v2\/types\/product"}],"replies":[{"embeddable":true,"href":"https:\/\/dev.wisdomignite.pt\/marpel\/wp-json\/wp\/v2\/comments?post=37145"}],"version-history":[{"count":2,"href":"https:\/\/dev.wisdomignite.pt\/marpel\/wp-json\/wp\/v2\/product\/37145\/revisions"}],"predecessor-version":[{"id":39818,"href":"https:\/\/dev.wisdomignite.pt\/marpel\/wp-json\/wp\/v2\/product\/37145\/revisions\/39818"}],"wp:featuredmedia":[{"embeddable":true,"href":"https:\/\/dev.wisdomignite.pt\/marpel\/wp-json\/wp\/v2\/media\/39445"}],"wp:attachment":[{"href":"https:\/\/dev.wisdomignite.pt\/marpel\/wp-json\/wp\/v2\/media?parent=37145"}],"wp:term":[{"taxonomy":"product_cat","embeddable":true,"href":"https:\/\/dev.wisdomignite.pt\/marpel\/wp-json\/wp\/v2\/product_cat?post=37145"},{"taxonomy":"product_tag","embeddable":true,"href":"https:\/\/dev.wisdomignite.pt\/marpel\/wp-json\/wp\/v2\/product_tag?post=37145"}],"curies":[{"name":"wp","href":"https:\/\/api.w.org\/{rel}","templated":true}]}}