{"id":37112,"date":"2023-07-01T11:28:35","date_gmt":"2023-07-01T10:28:35","guid":{"rendered":"https:\/\/dev.wisdomignite.pt\/marpel\/produto\/almofada-latex-royal\/"},"modified":"2023-07-01T11:28:37","modified_gmt":"2023-07-01T10:28:37","slug":"almofada-latex-royal","status":"publish","type":"product","link":"https:\/\/dev.wisdomignite.pt\/marpel\/produto\/almofada-latex-royal\/","title":{"rendered":"Almofada L\u00e1tex Royal"},"content":{"rendered":"<p>Tecido<br \/>\nCapa exterior em tecido stretch.<br \/>\nPropriedades<br \/>\nAntial\u00e9rgica, antifungos, antibact\u00e9rias.<br \/>\nCaracter\u00edsticas<br \/>\nM\u00e1ximo de conforto, suave, indeform\u00e1vel.<br \/>\nPerfeita adapta\u00e7\u00e3o \u00e0 cabe\u00e7a.<br \/>\nCaracter\u00edsticas t\u00e9cnicas<br \/>\nN\u00facleo de l\u00e1tex 100%.<br \/>\nDuas capas com fecho. Capa 100% algod\u00e3o.<\/p>\n","protected":false},"excerpt":{"rendered":"<p>Almofada suave e indeform\u00e1vel, composta por 100% l\u00e1tex.<br \/>\nAntial\u00e9rgica, antifungos, antibact\u00e9rias.<\/p>\n","protected":false},"featured_media":39443,"comment_status":"closed","ping_status":"open","template":"","meta":[],"product_cat":[330],"product_tag":[],"class_list":["post-37112","product","type-product","status-publish","has-post-thumbnail","hentry","product_cat-almofadas","pa_firmeza-intermedia","pa_medidas-60x40"],"_links":{"self":[{"href":"https:\/\/dev.wisdomignite.pt\/marpel\/wp-json\/wp\/v2\/product\/37112","targetHints":{"allow":["GET"]}}],"collection":[{"href":"https:\/\/dev.wisdomignite.pt\/marpel\/wp-json\/wp\/v2\/product"}],"about":[{"href":"https:\/\/dev.wisdomignite.pt\/marpel\/wp-json\/wp\/v2\/types\/product"}],"replies":[{"embeddable":true,"href":"https:\/\/dev.wisdomignite.pt\/marpel\/wp-json\/wp\/v2\/comments?post=37112"}],"version-history":[{"count":2,"href":"https:\/\/dev.wisdomignite.pt\/marpel\/wp-json\/wp\/v2\/product\/37112\/revisions"}],"predecessor-version":[{"id":39817,"href":"https:\/\/dev.wisdomignite.pt\/marpel\/wp-json\/wp\/v2\/product\/37112\/revisions\/39817"}],"wp:featuredmedia":[{"embeddable":true,"href":"https:\/\/dev.wisdomignite.pt\/marpel\/wp-json\/wp\/v2\/media\/39443"}],"wp:attachment":[{"href":"https:\/\/dev.wisdomignite.pt\/marpel\/wp-json\/wp\/v2\/media?parent=37112"}],"wp:term":[{"taxonomy":"product_cat","embeddable":true,"href":"https:\/\/dev.wisdomignite.pt\/marpel\/wp-json\/wp\/v2\/product_cat?post=37112"},{"taxonomy":"product_tag","embeddable":true,"href":"https:\/\/dev.wisdomignite.pt\/marpel\/wp-json\/wp\/v2\/product_tag?post=37112"}],"curies":[{"name":"wp","href":"https:\/\/api.w.org\/{rel}","templated":true}]}}