{"id":11487,"date":"2022-10-06T16:06:48","date_gmt":"2022-10-06T15:06:48","guid":{"rendered":"https:\/\/dev.wisdomignite.pt\/marpel\/?page_id=11487"},"modified":"2023-06-08T10:31:23","modified_gmt":"2023-06-08T09:31:23","slug":"politica-de-privacidade","status":"publish","type":"page","link":"https:\/\/dev.wisdomignite.pt\/marpel\/politica-de-privacidade\/","title":{"rendered":"Politica de Privacidade"},"content":{"rendered":"\t\t<div data-elementor-type=\"wp-page\" data-elementor-id=\"11487\" class=\"elementor elementor-11487\">\n\t\t\t\t\t\t\t\t\t<section class=\"wd-negative-gap elementor-section elementor-top-section elementor-element elementor-element-c63539e elementor-section-boxed elementor-section-height-default elementor-section-height-default wd-section-disabled\" data-id=\"c63539e\" data-element_type=\"section\">\n\t\t\t\t\t\t<div class=\"elementor-container elementor-column-gap-default\">\n\t\t\t\t\t<div class=\"elementor-column elementor-col-100 elementor-top-column elementor-element elementor-element-e9d3796\" data-id=\"e9d3796\" data-element_type=\"column\">\n\t\t\t<div class=\"elementor-widget-wrap elementor-element-populated\">\n\t\t\t\t\t\t\t\t<div class=\"elementor-element elementor-element-6a95c39 color-scheme-inherit text-left elementor-widget elementor-widget-text-editor\" data-id=\"6a95c39\" data-element_type=\"widget\" data-widget_type=\"text-editor.default\">\n\t\t\t\t<div class=\"elementor-widget-container\">\n\t\t\t<style>\/*! elementor - v3.14.0 - 26-06-2023 *\/\n.elementor-widget-text-editor.elementor-drop-cap-view-stacked .elementor-drop-cap{background-color:#69727d;color:#fff}.elementor-widget-text-editor.elementor-drop-cap-view-framed .elementor-drop-cap{color:#69727d;border:3px solid;background-color:transparent}.elementor-widget-text-editor:not(.elementor-drop-cap-view-default) .elementor-drop-cap{margin-top:8px}.elementor-widget-text-editor:not(.elementor-drop-cap-view-default) .elementor-drop-cap-letter{width:1em;height:1em}.elementor-widget-text-editor .elementor-drop-cap{float:left;text-align:center;line-height:1;font-size:50px}.elementor-widget-text-editor .elementor-drop-cap-letter{display:inline-block}<\/style>\t\t\t\t<h1>Pol\u00edtica de Privacidade e Cookies<\/h1><p>A presente Pol\u00edtica de Privacidade e Cookies destina-se a explicar como a <strong><em>MARPEL M\u00d3VEIS <\/em><\/strong>recolhe, armazena e trata os seus dados pessoais e outros que possam ser recolhidos para fins de an\u00e1lise estat\u00edstica.<\/p><p>A <strong><em>Margarida Julieta &amp; Neto Lda <\/em><\/strong>com sede na <strong><em>Rua Ant\u00f3nio Marques de S\u00e1, 16 4435-107 Rio Tinto<\/em><\/strong>, NIPC <strong><em>505373408 <\/em><\/strong>\u00e9 respons\u00e1vel pelo site <strong><em>marpelmoveis.com e pelo tratamento dos dados<\/em><\/strong>, compromete-se a garantir a privacidade e a prote\u00e7\u00e3o dos dados pessoais dos clientes e visitantes, seguindo todas as normas legais e regulamentares em vigor.<\/p><p>A <strong><em>MARPEL M\u00d3VEIS <\/em><\/strong>reserva-se no direito de atualizar e alterar periodicamente a sua Pol\u00edtica de Privacidade e Cookies, de forma a refletir qualquer modifica\u00e7\u00e3o na forma como os dados pessoais dos nossos clientes s\u00e3o processados ou em termos legais. Na <strong><em>MARPEL M\u00d3VEIS <\/em><\/strong>ser\u00e1 exibida a vers\u00e3o mais recente e atual da Pol\u00edtica de Privacidade e Cookies, sendo aconselh\u00e1vel que a verifique periodicamente, para averiguar qualquer atualiza\u00e7\u00e3o ou altera\u00e7\u00e3o.<\/p><h2>PRINC\u00cdPIOS ORIENTADORES<\/h2><p>O objetivo principal desta pol\u00edtica \u00e9 consolidar a rela\u00e7\u00e3o de confian\u00e7a e proximidade entre a <strong><em>MARPEL M\u00d3VEIS <\/em><\/strong>e respetivos clientes. A mesma tem tamb\u00e9m como objetivo demonstrar a transpar\u00eancia no tratamento dos dados recolhidos e informar todos os clientes dos seus direitos e da forma como podem exerc\u00ea-los, enquanto titulares de dados pessoais.<\/p><h2>BASE LEGAL<\/h2><p>A <strong>MARPEL M\u00d3VEIS <\/strong>atua no estrito cumprimento dos princ\u00edpios descritos nesta pol\u00edtica, do Regulamento (UE) 2016\/679 (Regulamento Geral sobre a Prote\u00e7\u00e3o de Dados \u2013 RGPD) \u00a0e da legisla\u00e7\u00e3o de prote\u00e7\u00e3o de dados aplic\u00e1vel, em todos os processos que envolvam o tratamento de dados pessoais.<\/p><p>Segundo o Acordo com o RGPD, por dados pessoais define-se: \u201cQualquer informa\u00e7\u00e3o relativa a uma pessoa singular identificada ou identific\u00e1vel (\u201dtitular da informa\u00e7\u00e3o\u201c); uma pessoa singular identific\u00e1vel \u00e9 aquela que pode ser identificado, direta ou indiretamente, em particular por refer\u00eancia a um identificador, como um nome, um n\u00famero de identifica\u00e7\u00e3o, dados de localiza\u00e7\u00e3o, um identificador online ou a um ou mais fatores espec\u00edficos do f\u00edsico, fisiol\u00f3gico, identidade gen\u00e9tica, mental, econ\u00f3mica, cultural ou social dessa pessoa natural.\u201d<\/p><h2>PROTEC\u00c7\u00c3O DOS DADOS<\/h2><p>Utilizamos v\u00e1rias medidas que visam garantir a seguran\u00e7a da informa\u00e7\u00e3o recolhida, a prote\u00e7\u00e3o dos dados pessoais recolhidos, impedir a utiliza\u00e7\u00e3o, altera\u00e7\u00e3o ou acesso indevido, a divulga\u00e7\u00e3o, a perda ou destrui\u00e7\u00e3o n\u00e3o autorizadas.<\/p><p>Como titular dos dados, o cliente tem direito a saber quais os dados recolhidos e armazenados, assim como a alterar os mesmos na \u00e1rea de cliente e solicitar \u00e0 loja a sua exporta\u00e7\u00e3o ou elimina\u00e7\u00e3o.<\/p><h2>OS DADOS QUE S\u00c3O RECOLHIDOS<\/h2><h2>I. Registo de cliente ou compra<\/h2><p>No registo ou compra na <strong>MARPEL M\u00d3VEIS<\/strong>, s\u00e3o recolhidos os seguintes dados: <strong>e-mail, nome, morada, c\u00f3digo-postal, localidade, telefone e NIF. <\/strong>Os dados recolhidos atrav\u00e9s do processo de compra do cliente ser\u00e3o processados automaticamente e destinam-se ao tratamento das encomendas como por exemplo a expedi\u00e7\u00e3o de encomendas ou a emiss\u00e3o de faturas.<\/p><p>Ao facultar os seus dados pessoais, a pessoa que o faz garante que \u00e9 maior e que os dados facultados s\u00e3o verdadeiros, exatos, completos e atualizados.<\/p><h2>II. Newsletter<\/h2><p>Na inscri\u00e7\u00e3o na Newsletter da <strong>MARPEL M\u00d3VEIS<\/strong>, s\u00e3o recolhidos os seguintes dados: nome e e-mail.<\/p><h2>III. Formul\u00e1rio de contacto<\/h2><p>A <strong>MARPEL M\u00d3VEIS <\/strong>pode ainda solicitar dados pessoais nos formul\u00e1rios de contacto, nomeadamente, o nome, e-mail e outras informa\u00e7\u00f5es que o visitante nos forne\u00e7a.<\/p><h4><strong>Navega\u00e7\u00e3o na <em>MARPEL M\u00d3VEIS<\/em><\/strong><\/h4><p>Tamb\u00e9m s\u00e3o sempre recolhidos dados relacionados com a navega\u00e7\u00e3o na loja. Exemplos deste tipo de dados s\u00e3o a informa\u00e7\u00e3o do dispositivo e browser (navegador), informa\u00e7\u00f5es de rede e endere\u00e7o de IP.<\/p><h2>FINALIDADE COM QUE OS DADOS RECOLHIDOS<\/h2><p>Os dados pessoais s\u00e3o recolhidos e tratados com vista ao cumprimento das finalidades a seguir indicadas:<\/p><h2>Presta\u00e7\u00e3o de servi\u00e7o:<\/h2><ul><li>Cumprimento das obriga\u00e7\u00f5es fiscais;<\/li><li>Expedi\u00e7\u00e3o de encomendas;<\/li><li>Tratamento de encomendas;<\/li><li>Fatura\u00e7\u00e3o;<\/li><li>Resolu\u00e7\u00e3o de problemas como o cancelamento, devolu\u00e7\u00e3o de produtos ou reembolso do valor dos produtos e\/ou servi\u00e7o de acordo com a lei em vigor;<\/li><li>Apoio ao cliente: esclarecimento de d\u00favidas sobre produtos, o funcionamento da<\/li><\/ul><p><strong>MARPEL M\u00d3VEIS <\/strong>ou qualquer outra quest\u00e3o solicitada pelo cliente;<\/p><h2>Marketing Direto (ex. e-mail marketing):<\/h2><p>Para que o cliente esteja atualizado sobre estados de encomendas ou qualquer novidade na <strong>MARPEL M\u00d3VEIS<\/strong>, podemos enviar e-mails e\/ou SMS com comunica\u00e7\u00f5es comerciais referentes a ofertas, produtos ou campanhas, assim como conte\u00fados tem\u00e1ticos e informa\u00e7\u00f5es sobre o processamento de encomendas registadas.<\/p><p>Para efeitos de marketing, na <strong><em>MARPEL M\u00d3VEIS <\/em><\/strong>poderemos considerar e utilizar determinados dados como produtos visualizados, produtos em wishlist ou deixados no carrinho abandonado.<\/p><p>As comunica\u00e7\u00f5es de marketing s\u00e3o efetuadas ap\u00f3s e com o consentimento pr\u00e9vio do cliente, que pode a todo o tempo alterar o seu consentimento e eliminar o seu registo.<\/p><p>Em todo e qualquer caso, a <strong><em>MARPEL M\u00d3VEIS <\/em><\/strong>procura garantir que a informa\u00e7\u00e3o e dados recolhidos e utilizados s\u00e3o adequados \u00e0s finalidades descritas e que n\u00e3o constituem uma invas\u00e3o da privacidade do cliente.<\/p><h2>QUANDO RECOLHEMOS OS DADOS?<\/h2><p>Os dados s\u00e3o recolhidos quando h\u00e1 um registo de cliente na <strong>MARPEL M\u00d3VEIS<\/strong>, inscri\u00e7\u00e3o na newsletter, preenchimento do formul\u00e1rio de contacto, registo de uma encomenda ou durante a navega\u00e7\u00e3o na loja.<\/p><h2>QUAIS S\u00c3O OS SEUS DIREITOS E COMO PODE EXERC\u00ca-LOS?<\/h2><p>O titular de dados pessoais tem direito, a qualquer momento, a requerer o acesso, retifica\u00e7\u00e3o, oposi\u00e7\u00e3o, exporta\u00e7\u00e3o e\/ou elimina\u00e7\u00e3o, assim como o direito de n\u00e3o ficar sujeito a decis\u00f5es automatizadas.<\/p><p>O cliente pode exercer qualquer um destes direitos junto da <strong><em>MARPEL M\u00d3VEIS<\/em><\/strong>, com a submiss\u00e3o de um pedido enviado para o endere\u00e7o seguinte <strong><em>{e-mail de contacto da loja}<\/em><\/strong>. O cliente pode tamb\u00e9m apresentar uma reclama\u00e7\u00e3o junto da Comiss\u00e3o Nacional de Prote\u00e7\u00e3o de Dados (CNPD).<\/p><h2>RETEN\u00c7\u00c3O DOS DADOS<\/h2><p>A <strong><em>MARPEL M\u00d3VEIS <\/em><\/strong>est\u00e1 obrigada a reter informa\u00e7\u00f5es para fins fiscais e auditorias de acordo com a lei em vigor.<\/p><p>A <strong><em>Margarida Julieta &amp; Neto Lda <\/em><\/strong>guarda os seus dados por <strong><em>tempo indeterminado<\/em><\/strong>, ou durante o tempo em que mantiver a condi\u00e7\u00e3o de utilizador registado (isto \u00e9, at\u00e9 decidir cancelar a sua subscri\u00e7\u00e3o de utilizador ou da newsletter), pr\u00e1ticas espec\u00edficas inerentes \u00e0 <strong><em>MARPEL M\u00d3VEIS <\/em><\/strong>e ao seu sector de atividade, e para cumprimento de obriga\u00e7\u00f5es legais, ou at\u00e9 que o cliente solicite para que os mesmos sejam eliminados da base de dados.<\/p><p>O titular pode, a qualquer momento, pedir para aceder, retificar ou eliminar os seus dados pessoais ao enviar um email para <strong><a href=\"mailto:rpgd@marpelmoveis.com\" target=\"_blank\" rel=\"noopener\" data-link-card=\"true\">rpgd@marpelmoveis.com<\/a><\/strong>.<\/p><p>Caso o cliente efetue um registo na <strong><em>MARPEL M\u00d3VEIS<\/em>, <\/strong>pode verificar, editar ou eliminar as suas informa\u00e7\u00f5es pessoais a qualquer momento a partir da \u00e1rea de cliente na <strong><em>MARPEL M\u00d3VEIS<\/em>.<\/strong><\/p><p>A pedido do cliente, a <strong><em>MARPEL M\u00d3VEIS <\/em><\/strong>pode alterar determinados dados do cliente associados a encomendas registadas.<\/p><h2>PARTILHA DOS DADOS<\/h2><p>A <strong><em>MARPEL M\u00d3VEIS <\/em><\/strong>n\u00e3o cede ou vende qualquer tipo de dado pessoal a outra entidade al\u00e9m das que s\u00e3o necess\u00e1rias ao funcionamento do servi\u00e7o. N\u00e3o ser\u00e3o tamb\u00e9m utilizados dados pessoais para qualquer outro fim sem o devido consentimento do titular.<\/p><p>Qualquer entidade terceira, com a qual os dados do cliente possam ser partilhados, \u00e9 obrigada a utiliz\u00e1-los exclusivamente como forma de executar o bom funcionamento do seu servi\u00e7o em nome da <strong><em>MARPEL M\u00d3VEIS<\/em>.<\/strong><\/p><p>A <strong><em>MARPEL M\u00d3VEIS <\/em><\/strong>pode ainda revelar informa\u00e7\u00f5es pessoalmente identific\u00e1veis sob circunst\u00e2ncias especiais, tais como no cumprimento de ordens judiciais que assim o exijam ou quando determinadas a\u00e7\u00f5es violam os Termos e Condi\u00e7\u00f5es do neg\u00f3cio.<\/p><h2>COOKIES<\/h2><p>A <strong>MARPEL M\u00d3VEIS <\/strong>utiliza cookies no site. Os cookies utilizados n\u00e3o recolhem informa\u00e7\u00f5es que identifiquem o visitante, mas sim sobre a forma como este interage com o website da loja. Os dados recolhidos s\u00e3o utilizados para fins estat\u00edsticos, presta\u00e7\u00e3o e melhoria do servi\u00e7o e da experi\u00eancia de utiliza\u00e7\u00e3o.<\/p><h2>QUE TIPOS DE COOKIES S\u00c3O UTILIZADOS?<\/h2><p><strong>Cookies Anal\u00edticos<\/strong>: s\u00e3o utilizados para efeitos de cria\u00e7\u00e3o e an\u00e1lise de estat\u00edsticas, no sentido de melhorar o funcionamento do website, sem nunca recolher informa\u00e7\u00e3o de car\u00e1cter pessoal.<\/p><p><strong>Cookies de Funcionalidade: <\/strong>Guardam as prefer\u00eancias do utilizador relativamente \u00e0 utiliza\u00e7\u00e3o do site, de forma que n\u00e3o seja necess\u00e1rio voltar a configurar o site cada vez que o visita.<\/p><p><strong>Cookies de Terceiros: <\/strong>Estes cookies s\u00e3o criados a partir de servi\u00e7os de terceiros, como o Google, Youtube, Facebook, entre outros. Podem ser usados para mostrar-lhe publicidade relacionada com as suas a\u00e7\u00f5es no website.<\/p><p>Para qualquer outra quest\u00e3o relacionada com a prote\u00e7\u00e3o dos seus dados pessoais ou sobre os cookies utilizados poder\u00e1 contactar-nos atrav\u00e9s do endere\u00e7o seguinte: <strong><a href=\"mailto:rpgd@marpelmoveis.com\" target=\"_blank\" rel=\"noopener\" data-link-card=\"true\">rpgd@marpelmoveis.com<\/a><\/strong>.<\/p>\t\t\t\t\t\t<\/div>\n\t\t\t\t<\/div>\n\t\t\t\t\t<\/div>\n\t\t<\/div>\n\t\t\t\t\t\t\t<\/div>\n\t\t<\/section>\n\t\t\t\t\t\t\t<\/div>\n\t\t","protected":false},"excerpt":{"rendered":"<p>Pol\u00edtica de Privacidade e Cookies A presente Pol\u00edtica de Privacidade e Cookies destina-se a explicar como a MARPEL M\u00d3VEIS recolhe,<\/p>\n","protected":false},"author":1,"featured_media":0,"parent":0,"menu_order":0,"comment_status":"closed","ping_status":"closed","template":"elementor_header_footer","meta":{"footnotes":""},"class_list":["post-11487","page","type-page","status-publish","hentry"],"_links":{"self":[{"href":"https:\/\/dev.wisdomignite.pt\/marpel\/wp-json\/wp\/v2\/pages\/11487","targetHints":{"allow":["GET"]}}],"collection":[{"href":"https:\/\/dev.wisdomignite.pt\/marpel\/wp-json\/wp\/v2\/pages"}],"about":[{"href":"https:\/\/dev.wisdomignite.pt\/marpel\/wp-json\/wp\/v2\/types\/page"}],"author":[{"embeddable":true,"href":"https:\/\/dev.wisdomignite.pt\/marpel\/wp-json\/wp\/v2\/users\/1"}],"replies":[{"embeddable":true,"href":"https:\/\/dev.wisdomignite.pt\/marpel\/wp-json\/wp\/v2\/comments?post=11487"}],"version-history":[{"count":14,"href":"https:\/\/dev.wisdomignite.pt\/marpel\/wp-json\/wp\/v2\/pages\/11487\/revisions"}],"predecessor-version":[{"id":39812,"href":"https:\/\/dev.wisdomignite.pt\/marpel\/wp-json\/wp\/v2\/pages\/11487\/revisions\/39812"}],"wp:attachment":[{"href":"https:\/\/dev.wisdomignite.pt\/marpel\/wp-json\/wp\/v2\/media?parent=11487"}],"curies":[{"name":"wp","href":"https:\/\/api.w.org\/{rel}","templated":true}]}}