{"id":6028,"date":"2021-02-28T17:26:07","date_gmt":"2021-02-28T17:26:07","guid":{"rendered":"https:\/\/dev.wisdomignite.pt\/cortinas\/?post_type=product&#038;p=6028"},"modified":"2021-02-28T17:26:07","modified_gmt":"2021-02-28T17:26:07","slug":"termo-adesivo-flor-casas-sapatilhas-bicicleta-gato","status":"publish","type":"product","link":"https:\/\/dev.wisdomignite.pt\/cortinas\/produto\/termo-adesivo-flor-casas-sapatilhas-bicicleta-gato\/","title":{"rendered":"TERMO ADESIVO FLOR\/ CASAS\/ SAPATILHAS\/ BICICLETA\/GATO"},"content":{"rendered":"<p>TERMO ADESIVO, SERVE PARA USO NA DECORA\u00c7\u00c3O, VESTU\u00c1RIO E ARTESANATO.<\/p>\n<p>REF:00918 &#8211; 40MM\/40MM<\/p>\n<p>REF: T 00005 &#8211; 60MM\/40MM<\/p>\n<p>REF: 1023 &#8211; 45MM\/40MM<\/p>\n<p>REF: 01185 &#8211; 55MM\/50MM<\/p>\n<p>REF: 0102 &#8211; DI\u00c2METRO 25MM<\/p>\n<p>REF: 00149 &#8211; DI\u00c2METRO 25MM<\/p>\n<p>REF: 183667- DI\u00c2METRO 70MM<\/p>\n<p>VENDIDO \u00c1 UNIDADE<\/p>\n","protected":false},"excerpt":{"rendered":"<p>TERMO ADESIVO, SERVE PARA USO NA DECORA\u00c7\u00c3O, VESTU\u00c1RIO E ARTESANATO.<\/p>\n<p>REF:00918 &#8211; 40MM\/40MM<\/p>\n<p>REF: T 00005 &#8211; 60MM\/40MM<\/p>\n<p>REF: 1023 &#8211; 45MM\/40MM<\/p>\n<p>REF: 01185 &#8211; 55MM\/50MM<\/p>\n<p>REF: 0102 &#8211; DI\u00c2METRO 25MM<\/p>\n<p>REF: 00149 &#8211; DI\u00c2METRO 25MM<\/p>\n<p>REF: 183667- DI\u00c2METRO 70MM<\/p>\n<p>VENDIDO \u00c1 UNIDADE<\/p>\n","protected":false},"featured_media":6042,"comment_status":"open","ping_status":"closed","template":"","meta":{"inline_featured_image":false},"product_cat":[60,406],"product_tag":[],"acf":[],"_links":{"self":[{"href":"https:\/\/dev.wisdomignite.pt\/cortinas\/wp-json\/wp\/v2\/product\/6028"}],"collection":[{"href":"https:\/\/dev.wisdomignite.pt\/cortinas\/wp-json\/wp\/v2\/product"}],"about":[{"href":"https:\/\/dev.wisdomignite.pt\/cortinas\/wp-json\/wp\/v2\/types\/product"}],"replies":[{"embeddable":true,"href":"https:\/\/dev.wisdomignite.pt\/cortinas\/wp-json\/wp\/v2\/comments?post=6028"}],"wp:featuredmedia":[{"embeddable":true,"href":"https:\/\/dev.wisdomignite.pt\/cortinas\/wp-json\/wp\/v2\/media\/6042"}],"wp:attachment":[{"href":"https:\/\/dev.wisdomignite.pt\/cortinas\/wp-json\/wp\/v2\/media?parent=6028"}],"wp:term":[{"taxonomy":"product_cat","embeddable":true,"href":"https:\/\/dev.wisdomignite.pt\/cortinas\/wp-json\/wp\/v2\/product_cat?post=6028"},{"taxonomy":"product_tag","embeddable":true,"href":"https:\/\/dev.wisdomignite.pt\/cortinas\/wp-json\/wp\/v2\/product_tag?post=6028"}],"curies":[{"name":"wp","href":"https:\/\/api.w.org\/{rel}","templated":true}]}}