{"id":5922,"date":"2021-02-28T14:52:37","date_gmt":"2021-02-28T14:52:37","guid":{"rendered":"https:\/\/dev.wisdomignite.pt\/cortinas\/?post_type=product&#038;p=5922"},"modified":"2021-02-28T14:52:37","modified_gmt":"2021-02-28T14:52:37","slug":"termo-adesivo-marinheiro","status":"publish","type":"product","link":"https:\/\/dev.wisdomignite.pt\/cortinas\/produto\/termo-adesivo-marinheiro\/","title":{"rendered":"TERMO ADESIVO MARINHEIRO"},"content":{"rendered":"<p>TERMO ADESIVO, SERVE PARA USO NA DECORA\u00c7\u00c3O, VESTU\u00c1RIO E ARTESANATO.<\/p>\n<p>REF:OO1084 -50MM\/17MM<\/p>\n<p>REF: 001176 DI\u00c2METRO 32MM<\/p>\n<p>VENDIDO \u00c1 UNIDADE<\/p>\n","protected":false},"excerpt":{"rendered":"<p>TERMO ADESIVO, SERVE PARA USO NA DECORA\u00c7\u00c3O, VESTU\u00c1RIO E ARTESANATO.<\/p>\n<p>REF:OO1084 -50MM\/17MM<\/p>\n<p>REF: 001176 DI\u00c2METRO 32MM<\/p>\n<p>VENDIDO \u00c1 UNIDADE<\/p>\n","protected":false},"featured_media":5925,"comment_status":"open","ping_status":"closed","template":"","meta":{"inline_featured_image":false},"product_cat":[60,406],"product_tag":[],"acf":[],"_links":{"self":[{"href":"https:\/\/dev.wisdomignite.pt\/cortinas\/wp-json\/wp\/v2\/product\/5922"}],"collection":[{"href":"https:\/\/dev.wisdomignite.pt\/cortinas\/wp-json\/wp\/v2\/product"}],"about":[{"href":"https:\/\/dev.wisdomignite.pt\/cortinas\/wp-json\/wp\/v2\/types\/product"}],"replies":[{"embeddable":true,"href":"https:\/\/dev.wisdomignite.pt\/cortinas\/wp-json\/wp\/v2\/comments?post=5922"}],"wp:featuredmedia":[{"embeddable":true,"href":"https:\/\/dev.wisdomignite.pt\/cortinas\/wp-json\/wp\/v2\/media\/5925"}],"wp:attachment":[{"href":"https:\/\/dev.wisdomignite.pt\/cortinas\/wp-json\/wp\/v2\/media?parent=5922"}],"wp:term":[{"taxonomy":"product_cat","embeddable":true,"href":"https:\/\/dev.wisdomignite.pt\/cortinas\/wp-json\/wp\/v2\/product_cat?post=5922"},{"taxonomy":"product_tag","embeddable":true,"href":"https:\/\/dev.wisdomignite.pt\/cortinas\/wp-json\/wp\/v2\/product_tag?post=5922"}],"curies":[{"name":"wp","href":"https:\/\/api.w.org\/{rel}","templated":true}]}}