{"id":5800,"date":"2021-02-27T23:48:48","date_gmt":"2021-02-27T23:48:48","guid":{"rendered":"https:\/\/dev.wisdomignite.pt\/cortinas\/?post_type=product&#038;p=5800"},"modified":"2021-02-27T23:50:53","modified_gmt":"2021-02-27T23:50:53","slug":"termo-adesivo-desporto-2","status":"publish","type":"product","link":"https:\/\/dev.wisdomignite.pt\/cortinas\/produto\/termo-adesivo-desporto-2\/","title":{"rendered":"TERMO ADESIVO DESPORTO"},"content":{"rendered":"<p>TERMOADESIVO, SERVE PARA USO VESTU\u00c1RIO, DECORA\u00c7\u00c3O E ARESANATO.<\/p>\n<p>85MM \/77MM<\/p>\n<p>VENDIDO \u00c1 UNIDADE<\/p>\n","protected":false},"excerpt":{"rendered":"<p>TERMOADESIVO, SERVE PARA USO VESTU\u00c1RIO, DECORA\u00c7\u00c3O E ARESANATO.<\/p>\n<p>85MM \/77MM<\/p>\n<p>VENDIDO \u00c1 UNIDADE<\/p>\n","protected":false},"featured_media":5801,"comment_status":"open","ping_status":"closed","template":"","meta":{"inline_featured_image":false},"product_cat":[60,406],"product_tag":[],"acf":[],"_links":{"self":[{"href":"https:\/\/dev.wisdomignite.pt\/cortinas\/wp-json\/wp\/v2\/product\/5800"}],"collection":[{"href":"https:\/\/dev.wisdomignite.pt\/cortinas\/wp-json\/wp\/v2\/product"}],"about":[{"href":"https:\/\/dev.wisdomignite.pt\/cortinas\/wp-json\/wp\/v2\/types\/product"}],"replies":[{"embeddable":true,"href":"https:\/\/dev.wisdomignite.pt\/cortinas\/wp-json\/wp\/v2\/comments?post=5800"}],"wp:featuredmedia":[{"embeddable":true,"href":"https:\/\/dev.wisdomignite.pt\/cortinas\/wp-json\/wp\/v2\/media\/5801"}],"wp:attachment":[{"href":"https:\/\/dev.wisdomignite.pt\/cortinas\/wp-json\/wp\/v2\/media?parent=5800"}],"wp:term":[{"taxonomy":"product_cat","embeddable":true,"href":"https:\/\/dev.wisdomignite.pt\/cortinas\/wp-json\/wp\/v2\/product_cat?post=5800"},{"taxonomy":"product_tag","embeddable":true,"href":"https:\/\/dev.wisdomignite.pt\/cortinas\/wp-json\/wp\/v2\/product_tag?post=5800"}],"curies":[{"name":"wp","href":"https:\/\/api.w.org\/{rel}","templated":true}]}}