{"id":5667,"date":"2021-02-20T21:45:20","date_gmt":"2021-02-20T21:45:20","guid":{"rendered":"https:\/\/dev.wisdomignite.pt\/cortinas\/?post_type=product&#038;p=5667"},"modified":"2021-02-20T21:45:22","modified_gmt":"2021-02-20T21:45:22","slug":"botao-dourado-7984-12mm","status":"publish","type":"product","link":"https:\/\/dev.wisdomignite.pt\/cortinas\/produto\/botao-dourado-7984-12mm\/","title":{"rendered":"BOT\u00c3O DOURADO  7984\/12MM"},"content":{"rendered":"<p>BOT\u00c3O DOURADO \/ 12MM, \u00c9 UTILIZADO PARA ROUPA CL\u00c1SSICA, DECORA\u00c7\u00c3O E ARTESANATO.<\/p>\n<p>VENDIDO \u00c0 UNIDADE.<\/p>\n","protected":false},"excerpt":{"rendered":"<p>BOT\u00c3O DOURADO \/ 12MM, \u00c9 UTILIZADO PARA ROUPA CL\u00c1SSICA, DECORA\u00c7\u00c3O E ARTESANATO.<\/p>\n<p>VENDIDO \u00c0 UNIDADE.<\/p>\n","protected":false},"featured_media":5670,"comment_status":"open","ping_status":"closed","template":"","meta":{"inline_featured_image":false},"product_cat":[359,60],"product_tag":[],"acf":[],"_links":{"self":[{"href":"https:\/\/dev.wisdomignite.pt\/cortinas\/wp-json\/wp\/v2\/product\/5667"}],"collection":[{"href":"https:\/\/dev.wisdomignite.pt\/cortinas\/wp-json\/wp\/v2\/product"}],"about":[{"href":"https:\/\/dev.wisdomignite.pt\/cortinas\/wp-json\/wp\/v2\/types\/product"}],"replies":[{"embeddable":true,"href":"https:\/\/dev.wisdomignite.pt\/cortinas\/wp-json\/wp\/v2\/comments?post=5667"}],"wp:featuredmedia":[{"embeddable":true,"href":"https:\/\/dev.wisdomignite.pt\/cortinas\/wp-json\/wp\/v2\/media\/5670"}],"wp:attachment":[{"href":"https:\/\/dev.wisdomignite.pt\/cortinas\/wp-json\/wp\/v2\/media?parent=5667"}],"wp:term":[{"taxonomy":"product_cat","embeddable":true,"href":"https:\/\/dev.wisdomignite.pt\/cortinas\/wp-json\/wp\/v2\/product_cat?post=5667"},{"taxonomy":"product_tag","embeddable":true,"href":"https:\/\/dev.wisdomignite.pt\/cortinas\/wp-json\/wp\/v2\/product_tag?post=5667"}],"curies":[{"name":"wp","href":"https:\/\/api.w.org\/{rel}","templated":true}]}}