{"id":5445,"date":"2021-02-19T11:54:43","date_gmt":"2021-02-19T11:54:43","guid":{"rendered":"https:\/\/dev.wisdomignite.pt\/cortinas\/?post_type=product&#038;p=5445"},"modified":"2021-02-19T11:54:43","modified_gmt":"2021-02-19T11:54:43","slug":"cordao-vivo-debrum-3mm-cor-cru","status":"publish","type":"product","link":"https:\/\/dev.wisdomignite.pt\/cortinas\/produto\/cordao-vivo-debrum-3mm-cor-cru\/","title":{"rendered":"CORD\u00c3O\/VIVO DEBRUM 3MM COR :CR\u00da"},"content":{"rendered":"<p>CORD\u00c3O DEBRUM 3MM, SERVE PARA USO NA CONFEC\u00c7\u00c3O DE VIVOS NAS ALMOFADAS DECORATIVAS.<\/p>\n<p>CORD\u00c3O DEBRUM 3MM, SERVE PARA O ARTESANATO.<\/p>\n<p>VENDIDO A METRO.<\/p>\n","protected":false},"excerpt":{"rendered":"<p>CORD\u00c3O DEBRUM 3MM, SERVE PARA USO NA CONFEC\u00c7\u00c3O DE VIVOS NAS ALMOFADAS DECORATIVAS.<\/p>\n<p>CORD\u00c3O DEBRUM 3MM, SERVE PARA O ARTESANATO.<\/p>\n<p>VENDIDO A METRO.<\/p>\n","protected":false},"featured_media":5438,"comment_status":"open","ping_status":"closed","template":"","meta":{"inline_featured_image":false},"product_cat":[156,60],"product_tag":[],"acf":[],"_links":{"self":[{"href":"https:\/\/dev.wisdomignite.pt\/cortinas\/wp-json\/wp\/v2\/product\/5445"}],"collection":[{"href":"https:\/\/dev.wisdomignite.pt\/cortinas\/wp-json\/wp\/v2\/product"}],"about":[{"href":"https:\/\/dev.wisdomignite.pt\/cortinas\/wp-json\/wp\/v2\/types\/product"}],"replies":[{"embeddable":true,"href":"https:\/\/dev.wisdomignite.pt\/cortinas\/wp-json\/wp\/v2\/comments?post=5445"}],"wp:featuredmedia":[{"embeddable":true,"href":"https:\/\/dev.wisdomignite.pt\/cortinas\/wp-json\/wp\/v2\/media\/5438"}],"wp:attachment":[{"href":"https:\/\/dev.wisdomignite.pt\/cortinas\/wp-json\/wp\/v2\/media?parent=5445"}],"wp:term":[{"taxonomy":"product_cat","embeddable":true,"href":"https:\/\/dev.wisdomignite.pt\/cortinas\/wp-json\/wp\/v2\/product_cat?post=5445"},{"taxonomy":"product_tag","embeddable":true,"href":"https:\/\/dev.wisdomignite.pt\/cortinas\/wp-json\/wp\/v2\/product_tag?post=5445"}],"curies":[{"name":"wp","href":"https:\/\/api.w.org\/{rel}","templated":true}]}}