{"id":2806,"date":"2021-01-25T14:31:01","date_gmt":"2021-01-25T14:31:01","guid":{"rendered":"https:\/\/dev.wisdomignite.pt\/cortinas\/?post_type=product&#038;p=2806"},"modified":"2021-01-25T14:36:40","modified_gmt":"2021-01-25T14:36:40","slug":"kit-circular-para-tricotar","status":"publish","type":"product","link":"https:\/\/dev.wisdomignite.pt\/cortinas\/produto\/kit-circular-para-tricotar\/","title":{"rendered":"KIT CIRCULAR PARA TRICOTAR"},"content":{"rendered":"<p>KIT CIRCULAR PARA TRICOTAR , COMPOSTO POR DOIS KITS COM DI\u00c2METRO 23,75 E 28,75 .<\/p>\n<p>O KIT INCLUI AGULHA E INSTRU\u00c7\u00d5ES PARA CONFEC\u00c7\u00c3O.<\/p>\n<p>KIT ESPECIALIZADO PARA FAZER EM CASA CARAPU\u00c7OS.<\/p>\n","protected":false},"excerpt":{"rendered":"<p>KIT CIRCULAR PARA TRICOTAR , COMPOSTO POR DOIS KITS COM DI\u00c2METRO 23,75 E 28,75 .<\/p>\n<p>O KIT INCLUI AGULHA E INSTRU\u00c7\u00d5ES PARA CONFEC\u00c7\u00c3O.<\/p>\n<p>KIT ESPECIALIZADO PARA FAZER EM CASA CARAPU\u00c7OS.<\/p>\n","protected":false},"featured_media":2699,"comment_status":"open","ping_status":"closed","template":"","meta":{"inline_featured_image":false},"product_cat":[134,60],"product_tag":[],"acf":[],"_links":{"self":[{"href":"https:\/\/dev.wisdomignite.pt\/cortinas\/wp-json\/wp\/v2\/product\/2806"}],"collection":[{"href":"https:\/\/dev.wisdomignite.pt\/cortinas\/wp-json\/wp\/v2\/product"}],"about":[{"href":"https:\/\/dev.wisdomignite.pt\/cortinas\/wp-json\/wp\/v2\/types\/product"}],"replies":[{"embeddable":true,"href":"https:\/\/dev.wisdomignite.pt\/cortinas\/wp-json\/wp\/v2\/comments?post=2806"}],"wp:featuredmedia":[{"embeddable":true,"href":"https:\/\/dev.wisdomignite.pt\/cortinas\/wp-json\/wp\/v2\/media\/2699"}],"wp:attachment":[{"href":"https:\/\/dev.wisdomignite.pt\/cortinas\/wp-json\/wp\/v2\/media?parent=2806"}],"wp:term":[{"taxonomy":"product_cat","embeddable":true,"href":"https:\/\/dev.wisdomignite.pt\/cortinas\/wp-json\/wp\/v2\/product_cat?post=2806"},{"taxonomy":"product_tag","embeddable":true,"href":"https:\/\/dev.wisdomignite.pt\/cortinas\/wp-json\/wp\/v2\/product_tag?post=2806"}],"curies":[{"name":"wp","href":"https:\/\/api.w.org\/{rel}","templated":true}]}}