{"id":694,"date":"2021-12-22T11:52:56","date_gmt":"2021-12-22T10:52:56","guid":{"rendered":"https:\/\/dev.wisdomignite.pt\/concept-horeca\/produto\/limpa-cozinha-ultra-500ml\/"},"modified":"2021-12-22T11:52:56","modified_gmt":"2021-12-22T10:52:56","slug":"limpa-cozinha-ultra-500ml","status":"publish","type":"product","link":"https:\/\/dev.wisdomignite.pt\/concept-horeca\/produto\/limpa-cozinha-ultra-500ml\/","title":{"rendered":"Limpa Cozinha Ultra &#8211; 500ml"},"content":{"rendered":"<p>Limpa Cozinha,  \u00e9 eficaz na elimina\u00e7\u00e3o de todos os res\u00eddous presente em fornos, Churrasqueirs e grelhadores.<\/p>\n","protected":false},"excerpt":{"rendered":"<p>Limpa Cozinha, tira gorduras a frio, limpeza f\u00e1cil e \u00e9 eficaz<\/p>\n","protected":false},"featured_media":622,"comment_status":"closed","ping_status":"open","template":"","meta":[],"product_cat":[140,141,148],"product_tag":[86],"class_list":["post-694","product","type-product","status-publish","has-post-thumbnail","hentry","product_cat-consumiveis","product_cat-liquidos","product_cat-tira-gorduras","product_tag-limpa-cozinha"],"_links":{"self":[{"href":"https:\/\/dev.wisdomignite.pt\/concept-horeca\/wp-json\/wp\/v2\/product\/694","targetHints":{"allow":["GET"]}}],"collection":[{"href":"https:\/\/dev.wisdomignite.pt\/concept-horeca\/wp-json\/wp\/v2\/product"}],"about":[{"href":"https:\/\/dev.wisdomignite.pt\/concept-horeca\/wp-json\/wp\/v2\/types\/product"}],"replies":[{"embeddable":true,"href":"https:\/\/dev.wisdomignite.pt\/concept-horeca\/wp-json\/wp\/v2\/comments?post=694"}],"wp:featuredmedia":[{"embeddable":true,"href":"https:\/\/dev.wisdomignite.pt\/concept-horeca\/wp-json\/wp\/v2\/media\/622"}],"wp:attachment":[{"href":"https:\/\/dev.wisdomignite.pt\/concept-horeca\/wp-json\/wp\/v2\/media?parent=694"}],"wp:term":[{"taxonomy":"product_cat","embeddable":true,"href":"https:\/\/dev.wisdomignite.pt\/concept-horeca\/wp-json\/wp\/v2\/product_cat?post=694"},{"taxonomy":"product_tag","embeddable":true,"href":"https:\/\/dev.wisdomignite.pt\/concept-horeca\/wp-json\/wp\/v2\/product_tag?post=694"}],"curies":[{"name":"wp","href":"https:\/\/api.w.org\/{rel}","templated":true}]}}