{"id":693,"date":"2021-12-22T11:52:56","date_gmt":"2021-12-22T10:52:56","guid":{"rendered":"https:\/\/dev.wisdomignite.pt\/concept-horeca\/produto\/lava-loica-fascinante-750ml\/"},"modified":"2021-12-22T11:52:56","modified_gmt":"2021-12-22T10:52:56","slug":"lava-loica-fascinante-750ml","status":"publish","type":"product","link":"https:\/\/dev.wisdomignite.pt\/concept-horeca\/produto\/lava-loica-fascinante-750ml\/","title":{"rendered":"Lava Loi\u00e7a Fascinante &#8211; 750ml"},"content":{"rendered":"<p>O Lava Loi\u00e7a \u00e9 uma f\u00f3rmula desengordurante permite uma limpeza eficaz da sua loi\u00e7a, deixando-a com um aspecto brilhante, mantendo as suas m\u00e3os suaves e cuidadas.<\/p>\n","protected":false},"excerpt":{"rendered":"<p>Lava Loi\u00e7a, \u00c9 um produto recomendado para a lavagem \u00e0 m\u00e3o de toda a sua loi\u00e7a, deixando um agrad\u00e1vel perfume.<\/p>\n","protected":false},"featured_media":620,"comment_status":"closed","ping_status":"open","template":"","meta":[],"product_cat":[140,149],"product_tag":[85],"class_list":["post-693","product","type-product","status-publish","has-post-thumbnail","hentry","product_cat-consumiveis","product_cat-lava-loica","product_tag-lava-loica"],"_links":{"self":[{"href":"https:\/\/dev.wisdomignite.pt\/concept-horeca\/wp-json\/wp\/v2\/product\/693","targetHints":{"allow":["GET"]}}],"collection":[{"href":"https:\/\/dev.wisdomignite.pt\/concept-horeca\/wp-json\/wp\/v2\/product"}],"about":[{"href":"https:\/\/dev.wisdomignite.pt\/concept-horeca\/wp-json\/wp\/v2\/types\/product"}],"replies":[{"embeddable":true,"href":"https:\/\/dev.wisdomignite.pt\/concept-horeca\/wp-json\/wp\/v2\/comments?post=693"}],"wp:featuredmedia":[{"embeddable":true,"href":"https:\/\/dev.wisdomignite.pt\/concept-horeca\/wp-json\/wp\/v2\/media\/620"}],"wp:attachment":[{"href":"https:\/\/dev.wisdomignite.pt\/concept-horeca\/wp-json\/wp\/v2\/media?parent=693"}],"wp:term":[{"taxonomy":"product_cat","embeddable":true,"href":"https:\/\/dev.wisdomignite.pt\/concept-horeca\/wp-json\/wp\/v2\/product_cat?post=693"},{"taxonomy":"product_tag","embeddable":true,"href":"https:\/\/dev.wisdomignite.pt\/concept-horeca\/wp-json\/wp\/v2\/product_tag?post=693"}],"curies":[{"name":"wp","href":"https:\/\/api.w.org\/{rel}","templated":true}]}}