{"id":690,"date":"2021-12-22T11:52:56","date_gmt":"2021-12-22T10:52:56","guid":{"rendered":"https:\/\/dev.wisdomignite.pt\/concept-horeca\/produto\/pano-multiuso-sayma-3-un\/"},"modified":"2021-12-22T11:52:56","modified_gmt":"2021-12-22T10:52:56","slug":"pano-multiuso-sayma-3-un","status":"publish","type":"product","link":"https:\/\/dev.wisdomignite.pt\/concept-horeca\/produto\/pano-multiuso-sayma-3-un\/","title":{"rendered":"Pano Multiuso Sayma &#8211; 3 un"},"content":{"rendered":"<p>Pano Muliuso \u00e9 vers\u00e1til, serve para higienizar pias de cozinha, banheiros, m\u00f3veis da sala ou do escrit\u00f3rio, tanto em ambientes dom\u00e9sticos, corporativos e industriais.<\/p>\n","protected":false},"excerpt":{"rendered":"<p>Pano multiusos, s\u00e3o eficiente para manter o ambiente limpo e higienizado<\/p>\n","protected":false},"featured_media":614,"comment_status":"closed","ping_status":"open","template":"","meta":[],"product_cat":[140,146],"product_tag":[79],"class_list":["post-690","product","type-product","status-publish","has-post-thumbnail","hentry","product_cat-consumiveis","product_cat-panos","product_tag-panos-multiusos"],"_links":{"self":[{"href":"https:\/\/dev.wisdomignite.pt\/concept-horeca\/wp-json\/wp\/v2\/product\/690","targetHints":{"allow":["GET"]}}],"collection":[{"href":"https:\/\/dev.wisdomignite.pt\/concept-horeca\/wp-json\/wp\/v2\/product"}],"about":[{"href":"https:\/\/dev.wisdomignite.pt\/concept-horeca\/wp-json\/wp\/v2\/types\/product"}],"replies":[{"embeddable":true,"href":"https:\/\/dev.wisdomignite.pt\/concept-horeca\/wp-json\/wp\/v2\/comments?post=690"}],"wp:featuredmedia":[{"embeddable":true,"href":"https:\/\/dev.wisdomignite.pt\/concept-horeca\/wp-json\/wp\/v2\/media\/614"}],"wp:attachment":[{"href":"https:\/\/dev.wisdomignite.pt\/concept-horeca\/wp-json\/wp\/v2\/media?parent=690"}],"wp:term":[{"taxonomy":"product_cat","embeddable":true,"href":"https:\/\/dev.wisdomignite.pt\/concept-horeca\/wp-json\/wp\/v2\/product_cat?post=690"},{"taxonomy":"product_tag","embeddable":true,"href":"https:\/\/dev.wisdomignite.pt\/concept-horeca\/wp-json\/wp\/v2\/product_tag?post=690"}],"curies":[{"name":"wp","href":"https:\/\/api.w.org\/{rel}","templated":true}]}}